4e
What is -10 (base 5) in base 11?
-5
What is -100 (base 2) in base 16?
-4
Convert 2 (base 13) to base 12.
2
Convert aa (base 16) to base 8.
252
Convert 0 (base 5) to base 9.
0
Convert 254 (base 6) to base 14.
78
-35 (base 9) to base 4
-200
What is 172 (base 8) in base 5?
442
What is -7 (base 12) in base 14?
-7
Convert 6 (base 8) to base 7.
6
What is -3 (base 8) in base 11?
-3
Convert 11 (base 7) to base 6.
12
Convert 3 (base 10) to base 4.
3
1 (base 13) to base 10
1
14 (base 6) to base 10
10
What is 6 (base 8) in base 15?
6
Convert -213 (base 4) to base 10.
-39
Convert 2 (base 6) to base 5.
2
What is -4a (base 11) in base 4?
-312
Convert 24 (base 6) to base 11.
15
-22 (base 9) to base 14
-16
Convert 11210 (base 3) to base 9.
153
10000 (base 2) to base 5
31
Convert -11 (base 8) to base 11.
-9
-45 (base 8) to base 12
-31
What is 331 (base 9) in base 5?
2041
Convert 0 (base 10) to base 14.
0
-2 (base 12) to base 10
-2
Convert 13 (base 8) to base 3.
102
What is -1 (base 12) in base 5?
-1
Convert 2 (base 14) to base 4.
2
Convert -9 (base 14) to base 7.
-12
-20021 (base 3) to base 11
-144
Convert 11212 (base 3) to base 14.
95
What is 3 (base 10) in base 2?
11
What is 1000 (base 3) in base 12?
23
What is -c (base 13) in base 9?
-13
Convert -4 (base 8) to base 9.
-4
1 (base 14) to base 2
1
What is -107 (base 14) in base 16?
-cb
What is -32 (base 12) in base 14?
-2a
What is 2 (base 7) in base 8?
2
2 (base 10) to base 6
2
1 (base 2) to base 16
1
Convert -57 (base 10) to base 12.
-49
Convert -2 (base 8) to base 14.
-2
What is c (base 16) in base 5?
22
Convert 3 (base 7) to base 9.
3
-37 (base 12) to base 15
-2d
What is -2 (base 9) in base 11?
-2
4 (base 16) to base 3
11
-20 (base 8) to base 11
-15
7 (base 10) to base 13
7
What is 32 (base 9) in base 11?
27
Convert -17 (base 9) to base 11.
-15
Convert -3f (base 16) to base 10.
-63
Convert 102 (base 11) to base 14.
8b
What is -135 (base 9) in base 8?
-161
-60 (base 15) to base 5
-330
What is -20 (base 16) in base 11?
-2a
f (base 16) to base 7
21
What is 3a (base 13) in base 16?
31
What is -4 (base 15) in base 11?
-4
635 (base 7) to base 14
18c
-5 (base 6) to base 13
-5
45 (base 8) to base 15
27
What is 112 (base 15) in base 5?
1432
What is 23 (base 6) in base 9?
16
Convert -101000 (base 2) to base 9.
-44
What is -2d (base 16) in base 6?
-113
Convert -5 (base 14) to base 12.
-5
6 (base 7) to base 3
20
Convert -42 (base 15) to base 16.
-3e
-16 (base 11) to base 12
-15
Convert 5 (base 11) to base 9.
5
Convert 3 (base 6) to base 14.
3
What is -176 (base 9) in base 4?
-2112
What is 1b (base 15) in base 6?
42
15 (base 15) to base 8
24
What is -5 (base 14) in base 16?
-5
What is -9 (base 11) in base 16?
-9
What is -26 (base 7) in base 8?
-24
3 (base 11) to base 6
3
Convert -1110 (base 2) to base 13.
-11
432 (base 5) to base 3
11100
What is 202 (base 5) in base 14?
3a
112 (base 4) to base 15
17
What is 1001 (base 2) in base 15?
9
1101110 (base 2) to base 7
215
Convert -5 (base 10) to base 12.
-5
0 (base 15) to base 11
0
What is -a (base 11) in base 4?
-22
What is -6 (base 11) in base 16?
-6
10 (base 14) to base 11
13
11110001 (base 2) to base 12
181
What is -f (base 16) in base 2?
-1111
-25 (base 10) to base 5
-100
-10 (base 7) to base 15
-7
What is -153 (base 12) in base 3?
-21200
What is -3 (base 4) in base 11?
-3
Convert 7 (base 11) to base 12.
7
Convert 13 (base 14) to base 2.
10001
Convert -9 (base 15) to base 10.
-9
What is -15 (base 11) in base 2?
-10000
-311 (base 6) to base 8
-163
Convert 133 (base 9) to base 10.
111
What is -1 (base 4) in base 16?
-1
103 (base 9) to base 5
314
What is 12 (base 16) in base 2?
10010
Convert 9 (base 14) to base 7.
12
-1 (base 11) to base 6
-1
What is -5 (base 13) in base 12?
-5
-6 (base 16) to base 9
-6
Convert -23 (base 9) to base 16.
-15
54 (base 11) to base 16
3b
Convert -22122 (base 3) to base 7.
-452
What is 14 (base 15) in base 6?
31
What is -d (base 14) in base 7?
-16
29 (base 10) to base 2
11101
Convert 5 (base 13) to base 8.
5
What is -c (base 16) in base 8?
-14
Convert -6 (base 8) to base 7.
-6
5 (base 7) to base 12
5
What is -131 (base 12) in base 9?
-221
-ab (base 12) to base 15
-8b
Convert -1 (base 3) to base 10.
-1
What is 13 (base 6) in base 5?
14
What is 15b (base 13) in base 12?
185
Convert a (base 16) to base 8.
12
-18 (base 15) to base 5
-43
What is 8 (base 15) in base 8?
10
Convert 10 (base 3) to base 9.
3
What is -610 (base 7) in base 16?
-12d
Convert -125 (base 6) to base 12.
-45
What is -25 (base 12) in base 13?
-23
47 (base 13) to base 12
4b
What is -335 (base 8) in base 12?
-165
Convert -30 (base 9) to base 10.
-27
What is -148 (base 12) in base 16?
-c8
-165 (base 12) to base 8
-335
What is 5 (base 8) in base 5?
10
-100010 (base 2) to base 4
-202
What is -3 (base 11) in base 7?
-3
What is 2 (base 6) in base 5?
2
Convert -100010 (base 2) to base 12.
-2a
-4c (base 14) to base 9
-75
Convert -18 (base 11) to base 4.
-103
Convert -1b (base 12) to base 5.
-43
What is 54 (base 10) in base 7?
105
5 (base 9) to base 14
5
Convert 3 (base 15) to base 14.
3
Convert -3 (base 10) to base 15.
-3
10 (base 9) to base 12
9
78 (base 14) to base 7
211
What is -1 (base 16) in base 11?
-1
Convert -11 (base 16) to base 14.
-13
What is -115 (base 15) in base 14?
-137
What is 0 (base 11) in base 7?
0
-101 (base 2) to base 5
-10
What is 3 (base 4) in base 12?
3
What is -1031 (base 4) in base 14?
-57
Convert -45 (base 9) to base 4.
-221
What is 1 (base 12) in base 5?
1
What is -14 (base 9) in base 11?
-12
What is 83 (base 16) in base 9?
155
What is a1 (base 15) in base 3?
12121
-4 (base 5) to base 8
-4
10100011 (base 2) to base 16
a3
What is -5 (base 13) in base 12?
-5
Convert 2 (base 6) to base 7.
2
What is 1 (base 13) in base 10?
1
-2 (base 8) to base 4
-2
1 (base 7) to base 9
1
What is -13 (base 7) in base 3?
-101
Convert 15 (base 11) to base 2.
10000
What is 2 (base 5) in base 10?
2
12 (base 12) to base 6
22
What is 13 (base 8) in base 4?
23
Convert 7a (base 11) to base 3.
10020
Convert 12120 (base 3) to base 6.
410
Convert 65 (base 7) to base 4.
233
What is 12 (base 9) in base 2?
1011
-10010011 (base 2) to base 7
-300
-1 (base 4) to base 12
-1
95 (base 13) to base 9
145
What is 5 (base 13) in base 4?
11
What is -5c (base 14) in base 2?
-1010010
-22 (base 4) to base 8
-12
What is -3 (base 4) in base 14?
-3
Convert 2 (base 8) to base 14.
2
63 (base 7) to base 4
231
35 (base 7) to base 13
20
What is -10100111 (base 2) in base 5?
-1132
Convert 2 (base 5) to base 3.
2
Convert -17b (base 15) to base 9.
-418
-14 (base 7) to base 13
-b
What is -5 (base 14) in base 4?
-11
-32 (base 11) to base 6
-55
What is 6 (base 12) in base 10?
6
What is -11 (base 3) in base 15?
-4
Convert 411 (base 8) to base 10.
265
Convert 1110000 (base 2) to base 13.
88
-10001 (base 2) to base 3
-122
What is 110 (base 3) in base 7?
15
326 (base 8) to base 13
136
-1c (base 14) to base 10
-26
Convert -4 (base 7) to base 10.
-4
What is -115 (base 11) in base 10?
-137
161 (base 11) to base 12
138
Convert -b2 (base 13) to base 16.
-91
Convert -1011110 (base 2) to base 6.
-234
What is -1e (base 16) in base 10?
-30
-3 (base 7) to base 12
-3
Convert -2 (base 15) to base 12.
-2
Convert -4 (base 8) to base 11.
-4
Convert -4 (base 15) to base 2.
-100
Convert 0 (base 6) to base 12.
0
What is 0 (base 6) in base 16?
0
What is 100 (base 3) in base 11?
9
Convert -3 (base 8) to base 12.
-3
Convert -2 (base 9) to base 16.
-2
2 (base 13) to base 16
2
5 (base 11) to base 5
10
What is 5 (base 7) in base 14?
5
Convert -24 (base 13) to base 14.
-22
What is 3 (base 6) in base 12?
3
What is -200 (base 7) in base 2?
-1100010
What is 420 (base 5) in base 8?
156
What is -211 (base 3) in base 7?
-31
What is -2 (base 12) in base 6?
-2
Convert 0 (base 11) to base 8.
0
Convert -42 (base 5) to base 12.
-1a
What is -7 (base 14) in base 3?
-21
What is -11 (base 10) in base 5?
-21
5 (base 10) to base 14
5
What is -15 (base 10) in base 4?
-33
Convert -11 (base 16) to base 5.
-32
Convert 115 (base 7) to base 10.
61
What is 15 (base 16) in base 10?
21
Convert -44 (base 14) to base 3.
-2020
Convert -2011 (base 3) to base 12.
-4a
Convert 5 (base 7) to base 6.
5
What is -22100 (base 3) in base 12?
-169
What is 22 (base 6) in base 11?
13
101